Last updated on 2024-08-15 12:48:41 CEST.
Flavor | Version | Tinstall | Tcheck | Ttotal | Status | Flags |
---|---|---|---|---|---|---|
r-devel-linux-x86_64-debian-clang | 0.7-2 | 12.87 | 65.30 | 78.17 | OK | |
r-devel-linux-x86_64-debian-gcc | 0.7-2 | 7.89 | 49.58 | 57.47 | OK | |
r-devel-linux-x86_64-fedora-clang | 0.7-2 | 123.95 | NOTE | |||
r-devel-linux-x86_64-fedora-gcc | 0.7-2 | 121.39 | OK | |||
r-devel-windows-x86_64 | 0.7-2 | 15.00 | 82.00 | 97.00 | OK | |
r-patched-linux-x86_64 | 0.7-2 | 10.57 | 61.04 | 71.61 | OK | |
r-release-linux-x86_64 | 0.7-2 | 10.64 | 61.33 | 71.97 | OK | |
r-release-macos-arm64 | 0.7-2 | 39.00 | OK | |||
r-release-macos-x86_64 | 0.7-2 | 61.00 | OK | |||
r-release-windows-x86_64 | 0.7-2 | 14.00 | 85.00 | 99.00 | OK | |
r-oldrel-macos-arm64 | 0.7-2 | 40.00 | OK | |||
r-oldrel-macos-x86_64 | 0.7-2 | 78.00 | OK | |||
r-oldrel-windows-x86_64 | 0.7-2 | 18.00 | 101.00 | 119.00 | OK |
Version: 0.7-2
Check: installed package size
Result: NOTE
installed size is 5.5Mb
sub-directories of 1Mb or more:
libs 5.0Mb
Flavor: r-devel-linux-x86_64-fedora-clang