Last updated on 2025-07-18 18:51:28 CEST.
Flavor | Version | Tinstall | Tcheck | Ttotal | Status | Flags |
---|---|---|---|---|---|---|
r-devel-linux-x86_64-debian-clang | 1.1.1 | 11.88 | 81.86 | 93.74 | NOTE | |
r-devel-linux-x86_64-debian-gcc | 1.1.1 | 8.12 | 58.37 | 66.49 | NOTE | |
r-devel-linux-x86_64-fedora-clang | 1.1.1 | 144.16 | OK | |||
r-devel-linux-x86_64-fedora-gcc | 1.1.1 | 131.71 | OK | |||
r-devel-windows-x86_64 | 1.1.1 | 11.00 | 88.00 | 99.00 | NOTE | |
r-patched-linux-x86_64 | 1.1.1 | 9.53 | 76.12 | 85.65 | NOTE | |
r-release-linux-x86_64 | 1.1.1 | 10.67 | 76.97 | 87.64 | NOTE | |
r-release-macos-arm64 | 1.1.1 | 37.00 | OK | |||
r-release-macos-x86_64 | 1.1.1 | 73.00 | OK | |||
r-release-windows-x86_64 | 1.1.1 | 12.00 | 89.00 | 101.00 | NOTE | |
r-oldrel-macos-arm64 | 1.1.1 | 41.00 | NOTE | |||
r-oldrel-macos-x86_64 | 1.1.1 | 60.00 | NOTE | |||
r-oldrel-windows-x86_64 | 1.1.1 | 15.00 | 111.00 | 126.00 | NOTE |
Version: 1.1.1
Check: CRAN incoming feasibility
Result: NOTE
Maintainer: ‘Aaron B. Shev <abshev@ucdavis.edu>’
No Authors@R field in DESCRIPTION.
Please add one, modifying
Authors@R: person(given = c("Aaron", "B."),
family = "Shev",
role = c("aut", "cre"),
email = "abshev@ucdavis.edu")
as necessary.
Flavors: r-devel-linux-x86_64-debian-clang, r-devel-linux-x86_64-debian-gcc
Version: 1.1.1
Check: Rd cross-references
Result: NOTE
Found the following Rd file(s) with Rd \link{} targets missing package
anchors:
mice.impute.SuperLearner.Rd: SuperLearner
Please provide package anchors for all Rd \link{} targets not in the
package itself and the base packages.
Flavors: r-devel-linux-x86_64-debian-clang, r-devel-linux-x86_64-debian-gcc, r-devel-windows-x86_64, r-patched-linux-x86_64, r-release-linux-x86_64, r-release-windows-x86_64
Version: 1.1.1
Check: package dependencies
Result: NOTE
Package suggested but not available for checking: ‘extraTrees’
Flavors: r-oldrel-macos-arm64, r-oldrel-macos-x86_64, r-oldrel-windows-x86_64