Last updated on 2025-07-11 16:48:44 CEST.
Flavor | Version | Tinstall | Tcheck | Ttotal | Status | Flags |
---|---|---|---|---|---|---|
r-devel-linux-x86_64-debian-clang | 0.16.0 | 19.86 | 109.94 | 129.80 | NOTE | |
r-devel-linux-x86_64-debian-gcc | 0.16.0 | 17.70 | 75.46 | 93.16 | NOTE | |
r-devel-linux-x86_64-fedora-clang | 0.16.0 | 204.18 | NOTE | |||
r-devel-linux-x86_64-fedora-gcc | 0.16.0 | 210.75 | NOTE | |||
r-devel-windows-x86_64 | 0.16.0 | 69.00 | 153.00 | 222.00 | NOTE | |
r-patched-linux-x86_64 | 0.16.0 | 23.24 | 100.01 | 123.25 | NOTE | |
r-release-linux-x86_64 | 0.16.0 | 23.03 | 101.19 | 124.22 | NOTE | |
r-release-macos-arm64 | 0.16.0 | 68.00 | NOTE | |||
r-release-macos-x86_64 | 0.16.0 | 170.00 | NOTE | |||
r-release-windows-x86_64 | 0.16.0 | 74.00 | 156.00 | 230.00 | NOTE | |
r-oldrel-macos-arm64 | 0.16.0 | 42.00 | NOTE | |||
r-oldrel-macos-x86_64 | 0.16.0 | 71.00 | NOTE | |||
r-oldrel-windows-x86_64 | 0.16.0 | 64.00 | 187.00 | 251.00 | NOTE |
Version: 0.16.0
Check: compiled code
Result: NOTE
File ‘stringfish/libs/stringfish.so’:
Found non-API calls to R: ‘DATAPTR’, ‘LEVELS’, ‘STDVEC_DATAPTR’
Compiled code should not call non-API entry points in R.
See ‘Writing portable packages’ in the ‘Writing R Extensions’ manual,
and section ‘Moving into C API compliance’ for issues with the use of
non-API entry points.
Flavors: r-devel-linux-x86_64-debian-clang, r-devel-linux-x86_64-debian-gcc, r-devel-linux-x86_64-fedora-clang, r-devel-linux-x86_64-fedora-gcc, r-patched-linux-x86_64, r-release-linux-x86_64, r-release-macos-arm64, r-release-macos-x86_64
Version: 0.16.0
Check: compiled code
Result: NOTE
File 'stringfish/libs/x64/stringfish.dll':
Found non-API calls to R: 'DATAPTR', 'LEVELS', 'STDVEC_DATAPTR'
Compiled code should not call non-API entry points in R.
See 'Writing portable packages' in the 'Writing R Extensions' manual,
and section 'Moving into C API compliance' for issues with the use of
non-API entry points.
Flavors: r-devel-windows-x86_64, r-release-windows-x86_64
Version: 0.16.0
Check: for GNU extensions in Makefiles
Result: NOTE
GNU make is a SystemRequirements.
Flavors: r-oldrel-macos-arm64, r-oldrel-macos-x86_64, r-oldrel-windows-x86_64