Last updated on 2025-07-16 03:50:43 CEST.
Flavor | Version | Tinstall | Tcheck | Ttotal | Status | Flags |
---|---|---|---|---|---|---|
r-devel-linux-x86_64-debian-clang | 2.0.1 | 7.39 | 101.63 | 109.02 | NOTE | |
r-devel-linux-x86_64-debian-gcc | 2.0.1 | 5.03 | 74.52 | 79.55 | NOTE | |
r-devel-linux-x86_64-fedora-clang | 2.0.1 | 169.26 | NOTE | |||
r-devel-linux-x86_64-fedora-gcc | 2.0.1 | 175.03 | NOTE | |||
r-devel-windows-x86_64 | 2.0.1 | 10.00 | 139.00 | 149.00 | NOTE | |
r-patched-linux-x86_64 | 2.0.1 | 9.79 | 95.13 | 104.92 | NOTE | |
r-release-linux-x86_64 | 2.0.1 | 7.14 | 94.34 | 101.48 | NOTE | |
r-release-macos-arm64 | 2.0.1 | 114.00 | NOTE | |||
r-release-macos-x86_64 | 2.0.1 | 136.00 | NOTE | |||
r-release-windows-x86_64 | 2.0.1 | 11.00 | 137.00 | 148.00 | NOTE | |
r-oldrel-macos-arm64 | 2.0.1 | 64.00 | OK | |||
r-oldrel-macos-x86_64 | 2.0.1 | 99.00 | OK | |||
r-oldrel-windows-x86_64 | 2.0.1 | 14.00 | 175.00 | 189.00 | OK |
Version: 2.0.1
Check: DESCRIPTION meta-information
Result: NOTE
Missing dependency on R >= 4.1.0 because package code uses the pipe
|> or function shorthand \(...) syntax added in R 4.1.0.
File(s) using such syntax:
‘fabs.Rd’
Flavors: r-devel-linux-x86_64-debian-clang, r-devel-linux-x86_64-debian-gcc, r-devel-linux-x86_64-fedora-clang, r-devel-linux-x86_64-fedora-gcc, r-devel-windows-x86_64, r-patched-linux-x86_64, r-release-linux-x86_64, r-release-macos-arm64, r-release-macos-x86_64, r-release-windows-x86_64