Last updated on 2025-05-09 17:49:10 CEST.
Flavor | Version | Tinstall | Tcheck | Ttotal | Status | Flags |
---|---|---|---|---|---|---|
r-devel-linux-x86_64-debian-clang | 0.1.1 | 3.07 | 55.75 | 58.82 | NOTE | |
r-devel-linux-x86_64-debian-gcc | 0.1.1 | 2.80 | 37.66 | 40.46 | NOTE | |
r-devel-linux-x86_64-fedora-clang | 0.1.1 | 100.36 | OK | |||
r-devel-linux-x86_64-fedora-gcc | 0.1.1 | 114.74 | OK | |||
r-devel-windows-x86_64 | 0.1.1 | 5.00 | 72.00 | 77.00 | NOTE | |
r-patched-linux-x86_64 | 0.1.1 | 3.74 | 52.62 | 56.36 | NOTE | |
r-release-linux-x86_64 | 0.1.1 | 3.42 | 52.58 | 56.00 | NOTE | |
r-release-macos-arm64 | 0.1.1 | 34.00 | OK | |||
r-release-macos-x86_64 | 0.1.1 | 68.00 | OK | |||
r-release-windows-x86_64 | 0.1.1 | 5.00 | 74.00 | 79.00 | NOTE | |
r-oldrel-macos-arm64 | 0.1.1 | 33.00 | NOTE | |||
r-oldrel-macos-x86_64 | 0.1.1 | 53.00 | NOTE | |||
r-oldrel-windows-x86_64 | 0.1.1 | 6.00 | 87.00 | 93.00 | NOTE |
Version: 0.1.1
Check: Rd cross-references
Result: NOTE
Found the following Rd file(s) with Rd \link{} targets missing package
anchors:
plot_path.Rd: ggplot2
Please provide package anchors for all Rd \link{} targets not in the
package itself and the base packages.
Flavors: r-devel-linux-x86_64-debian-clang, r-devel-linux-x86_64-debian-gcc, r-devel-windows-x86_64, r-patched-linux-x86_64, r-release-linux-x86_64, r-release-windows-x86_64
Version: 0.1.1
Check: LazyData
Result: NOTE
'LazyData' is specified without a 'data' directory
Flavors: r-oldrel-macos-arm64, r-oldrel-macos-x86_64, r-oldrel-windows-x86_64