CRAN Package Check Results for Package rtemps

Last updated on 2025-05-09 17:49:09 CEST.

Flavor Version Tinstall Tcheck Ttotal Status Flags
r-devel-linux-x86_64-debian-clang 0.8.0 1.80 19.39 21.19 OK
r-devel-linux-x86_64-debian-gcc 0.8.0 1.46 16.20 17.66 OK
r-devel-linux-x86_64-fedora-clang 0.8.0 32.74 OK
r-devel-linux-x86_64-fedora-gcc 0.8.0 31.43 OK
r-devel-windows-x86_64 0.8.0 4.00 45.00 49.00 OK
r-patched-linux-x86_64 0.8.0 1.75 18.16 19.91 OK
r-release-linux-x86_64 0.8.0 1.58 17.71 19.29 OK
r-release-macos-arm64 0.8.0 15.00 OK
r-release-macos-x86_64 0.8.0 33.00 OK
r-release-windows-x86_64 0.8.0 4.00 45.00 49.00 OK
r-oldrel-macos-arm64 0.8.0 15.00 NOTE
r-oldrel-macos-x86_64 0.8.0 23.00 NOTE
r-oldrel-windows-x86_64 0.8.0 4.00 52.00 56.00 NOTE

Check Details

Version: 0.8.0
Check: LazyData
Result: NOTE 'LazyData' is specified without a 'data' directory Flavors: r-oldrel-macos-arm64, r-oldrel-macos-x86_64, r-oldrel-windows-x86_64