Last updated on 2025-07-17 09:51:03 CEST.
Flavor | Version | Tinstall | Tcheck | Ttotal | Status | Flags |
---|---|---|---|---|---|---|
r-devel-linux-x86_64-debian-clang | 2.1.2 | 6.61 | 52.39 | 59.00 | NOTE | |
r-devel-linux-x86_64-debian-gcc | 2.1.2 | 4.31 | 38.92 | 43.23 | NOTE | |
r-devel-linux-x86_64-fedora-clang | 2.1.2 | 92.13 | OK | |||
r-devel-linux-x86_64-fedora-gcc | 2.1.2 | 102.18 | OK | |||
r-devel-windows-x86_64 | 2.1.2 | 7.00 | 68.00 | 75.00 | OK | |
r-patched-linux-x86_64 | 2.1.2 | 6.57 | 48.75 | 55.32 | OK | |
r-release-linux-x86_64 | 2.1.2 | 4.43 | 48.46 | 52.89 | OK | |
r-release-macos-arm64 | 2.1.2 | 28.00 | OK | |||
r-release-macos-x86_64 | 2.1.2 | 60.00 | OK | |||
r-release-windows-x86_64 | 2.1.2 | 8.00 | 67.00 | 75.00 | OK | |
r-oldrel-macos-arm64 | 2.1.2 | 34.00 | OK | |||
r-oldrel-macos-x86_64 | 2.1.2 | 92.00 | OK | |||
r-oldrel-windows-x86_64 | 2.1.2 | 8.00 | 81.00 | 89.00 | OK |
Version: 2.1.2
Check: CRAN incoming feasibility
Result: NOTE
Maintainer: ‘Mitra Ebrahimpoor<mitra.ebrahimpoor@gmail.com>’
No Authors@R field in DESCRIPTION.
Please add one, modifying
Authors@R: person(given = "Mitra",
family = "Ebrahimpoor",
role = c("aut", "cre"),
email = "mitra.ebrahimpoor@gmail.com")
as necessary.
Flavors: r-devel-linux-x86_64-debian-clang, r-devel-linux-x86_64-debian-gcc