Last updated on 2025-05-09 17:49:03 CEST.
Flavor | Version | Tinstall | Tcheck | Ttotal | Status | Flags |
---|---|---|---|---|---|---|
r-devel-linux-x86_64-debian-clang | 1.1.1 | 31.43 | 110.83 | 142.26 | OK | |
r-devel-linux-x86_64-debian-gcc | 1.1.1 | 20.87 | 76.77 | 97.64 | OK | |
r-devel-linux-x86_64-fedora-clang | 1.1.1 | 226.96 | OK | |||
r-devel-linux-x86_64-fedora-gcc | 1.1.1 | 246.45 | OK | |||
r-devel-windows-x86_64 | 1.1.1 | 37.00 | 144.00 | 181.00 | OK | |
r-patched-linux-x86_64 | 1.1.1 | 32.90 | 104.34 | 137.24 | OK | |
r-release-linux-x86_64 | 1.1.1 | 30.26 | 104.58 | 134.84 | OK | |
r-release-macos-arm64 | 1.1.1 | 75.00 | OK | |||
r-release-macos-x86_64 | 1.1.1 | 131.00 | OK | |||
r-release-windows-x86_64 | 1.1.1 | 38.00 | 145.00 | 183.00 | OK | |
r-oldrel-macos-arm64 | 1.1.1 | 85.00 | NOTE | |||
r-oldrel-macos-x86_64 | 1.1.1 | 246.00 | NOTE | |||
r-oldrel-windows-x86_64 | 1.1.1 | 47.00 | 175.00 | 222.00 | OK |
Version: 1.1.1
Check: installed package size
Result: NOTE
installed size is 6.5Mb
sub-directories of 1Mb or more:
data 4.0Mb
libs 1.8Mb
Flavors: r-oldrel-macos-arm64, r-oldrel-macos-x86_64