Last updated on 2025-05-09 17:49:01 CEST.
Flavor | Version | Tinstall | Tcheck | Ttotal | Status | Flags |
---|---|---|---|---|---|---|
r-devel-linux-x86_64-debian-clang | 0.2.0 | 2.61 | 30.72 | 33.33 | NOTE | |
r-devel-linux-x86_64-debian-gcc | 0.2.0 | 1.81 | 23.80 | 25.61 | NOTE | |
r-devel-linux-x86_64-fedora-clang | 0.2.0 | 51.51 | OK | |||
r-devel-linux-x86_64-fedora-gcc | 0.2.0 | 71.12 | OK | |||
r-devel-windows-x86_64 | 0.2.0 | 4.00 | 51.00 | 55.00 | OK | |
r-patched-linux-x86_64 | 0.2.0 | 2.44 | 28.37 | 30.81 | OK | |
r-release-linux-x86_64 | 0.2.0 | 2.63 | 28.32 | 30.95 | OK | |
r-release-macos-arm64 | 0.2.0 | 29.00 | OK | |||
r-release-macos-x86_64 | 0.2.0 | 52.00 | OK | |||
r-release-windows-x86_64 | 0.2.0 | 4.00 | 53.00 | 57.00 | OK | |
r-oldrel-macos-arm64 | 0.2.0 | 28.00 | OK | |||
r-oldrel-macos-x86_64 | 0.2.0 | 45.00 | OK | |||
r-oldrel-windows-x86_64 | 0.2.0 | 4.00 | 57.00 | 61.00 | OK |
Version: 0.2.0
Check: CRAN incoming feasibility
Result: NOTE
Maintainer: ‘Fred Hasselman <fred.hasselman@ru.nl>’
Package CITATION file contains call(s) to old-style citEntry(). Please
use bibentry() instead.
Flavors: r-devel-linux-x86_64-debian-clang, r-devel-linux-x86_64-debian-gcc