Last updated on 2024-08-15 12:48:28 CEST.
Flavor | Version | Tinstall | Tcheck | Ttotal | Status | Flags |
---|---|---|---|---|---|---|
r-devel-linux-x86_64-debian-clang | 2.0.1 | 45.78 | 142.10 | 187.88 | OK | |
r-devel-linux-x86_64-debian-gcc | 2.0.1 | 27.68 | 97.85 | 125.53 | OK | |
r-devel-linux-x86_64-fedora-clang | 2.0.1 | 318.62 | OK | |||
r-devel-linux-x86_64-fedora-gcc | 2.0.1 | 311.09 | OK | |||
r-devel-windows-x86_64 | 2.0.1 | 48.00 | 159.00 | 207.00 | NOTE | |
r-patched-linux-x86_64 | 2.0.1 | 43.08 | 133.60 | 176.68 | OK | |
r-release-linux-x86_64 | 2.0.1 | 47.52 | 134.19 | 181.71 | OK | |
r-release-macos-arm64 | 2.0.1 | 83.00 | NOTE | |||
r-release-macos-x86_64 | 2.0.1 | 222.00 | NOTE | |||
r-release-windows-x86_64 | 2.0.1 | 49.00 | 341.00 | 390.00 | NOTE | |
r-oldrel-macos-arm64 | 2.0.1 | 92.00 | NOTE | |||
r-oldrel-macos-x86_64 | 2.0.1 | 191.00 | NOTE | |||
r-oldrel-windows-x86_64 | 2.0.1 | 61.00 | 195.00 | 256.00 | NOTE |
Version: 2.0.1
Check: package dependencies
Result: NOTE
Package suggested but not available for checking: 'doMC'
Flavors: r-devel-windows-x86_64, r-release-windows-x86_64, r-oldrel-windows-x86_64
Version: 2.0.1
Check: installed package size
Result: NOTE
installed size is 5.1Mb
sub-directories of 1Mb or more:
R 1.1Mb
doc 2.6Mb
Flavors: r-devel-windows-x86_64, r-release-macos-arm64, r-release-macos-x86_64, r-release-windows-x86_64, r-oldrel-macos-arm64, r-oldrel-macos-x86_64, r-oldrel-windows-x86_64