Last updated on 2024-08-08 06:49:53 CEST.
Flavor | Version | Tinstall | Tcheck | Ttotal | Status | Flags |
---|---|---|---|---|---|---|
r-devel-linux-x86_64-debian-clang | 1.4 | 11.23 | 84.70 | 95.93 | OK | |
r-devel-linux-x86_64-debian-gcc | 1.4 | 7.12 | 60.03 | 67.15 | OK | |
r-devel-linux-x86_64-fedora-clang | 1.4 | 150.54 | OK | |||
r-devel-linux-x86_64-fedora-gcc | 1.4 | 144.64 | OK | |||
r-devel-windows-x86_64 | 1.4 | 8.00 | 5.00 | 13.00 | ERROR | |
r-patched-linux-x86_64 | 1.4 | 9.44 | 80.47 | 89.91 | OK | |
r-release-linux-x86_64 | 1.4 | 10.94 | 78.78 | 89.72 | OK | |
r-release-macos-arm64 | 1.4 | 38.00 | OK | |||
r-release-macos-x86_64 | 1.4 | 67.00 | OK | |||
r-release-windows-x86_64 | 1.4 | 9.00 | 5.00 | 14.00 | ERROR | |
r-oldrel-macos-arm64 | 1.4 | 46.00 | OK | |||
r-oldrel-macos-x86_64 | 1.4 | 78.00 | OK | |||
r-oldrel-windows-x86_64 | 1.4 | 14.00 | 8.00 | 22.00 | ERROR |
Version: 1.4
Check: whether package can be installed
Result: ERROR
Installation failed.
Flavors: r-devel-windows-x86_64, r-release-windows-x86_64, r-oldrel-windows-x86_64