Last updated on 2025-07-17 09:50:49 CEST.
Flavor | Version | Tinstall | Tcheck | Ttotal | Status | Flags |
---|---|---|---|---|---|---|
r-devel-linux-x86_64-debian-clang | 0.0.3 | 27.77 | 262.75 | 290.52 | OK | |
r-devel-linux-x86_64-debian-gcc | 0.0.3 | 18.23 | 179.75 | 197.98 | OK | |
r-devel-linux-x86_64-fedora-clang | 0.0.3 | 452.71 | OK | |||
r-devel-linux-x86_64-fedora-gcc | 0.0.3 | 428.63 | OK | |||
r-devel-windows-x86_64 | 0.0.3 | 26.00 | 206.00 | 232.00 | OK | |
r-patched-linux-x86_64 | 0.0.3 | 24.20 | 249.71 | 273.91 | OK | |
r-release-linux-x86_64 | 0.0.3 | 27.65 | 250.77 | 278.42 | OK | |
r-release-macos-arm64 | 0.0.3 | 96.00 | OK | |||
r-release-macos-x86_64 | 0.0.3 | 223.00 | OK | |||
r-release-windows-x86_64 | 0.0.3 | 27.00 | 206.00 | 233.00 | OK | |
r-oldrel-macos-arm64 | 0.0.3 | 95.00 | NOTE | |||
r-oldrel-macos-x86_64 | 0.0.3 | 214.00 | NOTE | |||
r-oldrel-windows-x86_64 | 0.0.3 | 37.00 | 282.00 | 319.00 | NOTE |
Version: 0.0.3
Check: LazyData
Result: NOTE
'LazyData' is specified without a 'data' directory
Flavors: r-oldrel-macos-arm64, r-oldrel-macos-x86_64, r-oldrel-windows-x86_64