Last updated on 2024-08-08 06:49:52 CEST.
Flavor | Version | Tinstall | Tcheck | Ttotal | Status | Flags |
---|---|---|---|---|---|---|
r-devel-linux-x86_64-debian-clang | 0.2.0 | 16.03 | 91.46 | 107.49 | NOTE | |
r-devel-linux-x86_64-debian-gcc | 0.2.0 | 11.07 | 63.78 | 74.85 | NOTE | |
r-devel-linux-x86_64-fedora-clang | 0.2.0 | 172.90 | NOTE | |||
r-devel-linux-x86_64-fedora-gcc | 0.2.0 | 162.92 | NOTE | |||
r-devel-windows-x86_64 | 0.2.0 | 21.00 | 102.00 | 123.00 | NOTE | |
r-patched-linux-x86_64 | 0.2.0 | 17.04 | 87.99 | 105.03 | NOTE | |
r-release-linux-x86_64 | 0.2.0 | 15.83 | 87.51 | 103.34 | NOTE | |
r-release-macos-arm64 | 0.2.0 | 43.00 | NOTE | |||
r-release-macos-x86_64 | 0.2.0 | 66.00 | NOTE | |||
r-release-windows-x86_64 | 0.2.0 | 20.00 | 99.00 | 119.00 | NOTE | |
r-oldrel-macos-arm64 | 0.2.0 | 54.00 | OK | |||
r-oldrel-macos-x86_64 | 0.2.0 | 83.00 | OK | |||
r-oldrel-windows-x86_64 | 0.2.0 | 26.00 | 125.00 | 151.00 | OK |
Version: 0.2.0
Check: Rd files
Result: NOTE
checkRd: (-1) edm2psd.Rd:10: Lost braces; missing escapes or markup?
10 | \item{D}{A matrix in the set D_{n}^{-}.}
| ^
checkRd: (-1) edm2psd.Rd:10: Lost braces; missing escapes or markup?
10 | \item{D}{A matrix in the set D_{n}^{-}.}
| ^
Flavors: r-devel-linux-x86_64-debian-clang, r-devel-linux-x86_64-debian-gcc, r-devel-linux-x86_64-fedora-clang, r-devel-linux-x86_64-fedora-gcc, r-devel-windows-x86_64, r-patched-linux-x86_64, r-release-linux-x86_64, r-release-macos-arm64, r-release-macos-x86_64, r-release-windows-x86_64