Last updated on 2024-08-16 12:49:07 CEST.
Flavor | Version | Tinstall | Tcheck | Ttotal | Status | Flags |
---|---|---|---|---|---|---|
r-devel-linux-x86_64-debian-clang | 2.5 | 16.00 | 80.88 | 96.88 | NOTE | |
r-devel-linux-x86_64-debian-gcc | 2.5 | 12.74 | 65.04 | 77.78 | NOTE | |
r-devel-linux-x86_64-fedora-clang | 2.5 | 152.33 | WARN | |||
r-devel-linux-x86_64-fedora-gcc | 2.5 | 156.67 | NOTE | |||
r-devel-windows-x86_64 | 2.5 | 53.00 | 109.00 | 162.00 | NOTE | |
r-patched-linux-x86_64 | 2.5 | 18.96 | 75.54 | 94.50 | NOTE | |
r-release-linux-x86_64 | 2.5 | 17.47 | 76.34 | 93.81 | NOTE | |
r-release-macos-arm64 | 2.5 | 58.00 | NOTE | |||
r-release-macos-x86_64 | 2.5 | 82.00 | NOTE | |||
r-release-windows-x86_64 | 2.5 | 65.00 | 111.00 | 176.00 | NOTE | |
r-oldrel-macos-arm64 | 2.5 | 61.00 | NOTE | |||
r-oldrel-macos-x86_64 | 2.5 | 130.00 | NOTE | |||
r-oldrel-windows-x86_64 | 2.5 | 67.00 | 124.00 | 191.00 | NOTE |
Version: 2.5
Check: for GNU extensions in Makefiles
Result: NOTE
GNU make is a SystemRequirements.
Flavors: r-devel-linux-x86_64-debian-clang, r-devel-linux-x86_64-debian-gcc, r-devel-linux-x86_64-fedora-clang, r-devel-linux-x86_64-fedora-gcc, r-devel-windows-x86_64, r-patched-linux-x86_64, r-release-linux-x86_64, r-release-macos-arm64, r-release-macos-x86_64, r-release-windows-x86_64, r-oldrel-macos-arm64, r-oldrel-macos-x86_64, r-oldrel-windows-x86_64
Version: 2.5
Check: whether package can be installed
Result: WARN
Found the following significant warnings:
eaf_main.c:85:2: warning: embedding a directive within macro arguments has undefined behavior [-Wembedded-directive]
eaf_main.c:87:2: warning: embedding a directive within macro arguments has undefined behavior [-Wembedded-directive]
eaf_main.c:88:2: warning: embedding a directive within macro arguments has undefined behavior [-Wembedded-directive]
See ‘/data/gannet/ripley/R/packages/tests-clang/eaf.Rcheck/00install.out’ for details.
* used C compiler: ‘clang version 18.1.8’
Flavor: r-devel-linux-x86_64-fedora-clang
Version: 2.5
Check: installed package size
Result: NOTE
installed size is 6.0Mb
sub-directories of 1Mb or more:
bin 3.0Mb
extdata 1.7Mb
Flavors: r-devel-windows-x86_64, r-release-windows-x86_64, r-oldrel-windows-x86_64
Version: 2.5
Check: compiled code
Result: NOTE
File ‘eaf/libs/eaf.so’:
Found ‘___stderrp’, possibly from ‘stderr’ (C)
Objects: ‘eaf/io.o’, ‘mo-tools/hv.o’
Found ‘___stdoutp’, possibly from ‘stdout’ (C)
Object: ‘eaf/io.o’
Compiled code should not call entry points which might terminate R nor
write to stdout/stderr instead of to the console, nor use Fortran I/O
nor system RNGs nor [v]sprintf.
See ‘Writing portable packages’ in the ‘Writing R Extensions’ manual.
Flavors: r-release-macos-arm64, r-release-macos-x86_64, r-oldrel-macos-arm64, r-oldrel-macos-x86_64