Last updated on 2024-08-17 15:49:43 CEST.
Flavor | Version | Tinstall | Tcheck | Ttotal | Status | Flags |
---|---|---|---|---|---|---|
r-devel-linux-x86_64-debian-clang | 0.1.5 | 3.80 | 32.56 | 36.36 | OK | |
r-devel-linux-x86_64-debian-gcc | 0.1.5 | 2.25 | 25.15 | 27.40 | OK | |
r-devel-linux-x86_64-fedora-clang | 0.1.5 | 58.57 | NOTE | |||
r-devel-linux-x86_64-fedora-gcc | 0.1.5 | 55.62 | NOTE | |||
r-devel-windows-x86_64 | 0.1.5 | 7.00 | 67.00 | 74.00 | OK | |
r-patched-linux-x86_64 | 0.1.5 | 2.81 | 32.22 | 35.03 | OK | |
r-release-linux-x86_64 | 0.1.5 | 2.73 | 32.14 | 34.87 | OK | |
r-release-macos-arm64 | 0.1.5 | 25.00 | OK | |||
r-release-macos-x86_64 | 0.1.5 | 36.00 | OK | |||
r-release-windows-x86_64 | 0.1.5 | 5.00 | 65.00 | 70.00 | OK | |
r-oldrel-macos-arm64 | 0.1.5 | 122.00 | OK | |||
r-oldrel-macos-x86_64 | 0.1.5 | 68.00 | OK | |||
r-oldrel-windows-x86_64 | 0.1.5 | 8.00 | 67.00 | 75.00 | OK |
Version: 0.1.5
Check: installed package size
Result: NOTE
installed size is 5.1Mb
sub-directories of 1Mb or more:
libs 4.8Mb
Flavor: r-devel-linux-x86_64-fedora-clang
Version: 0.1.5
Check: compiled code
Result: NOTE
File ‘dualtrees/libs/dualtrees.so’:
Found no calls to: ‘R_registerRoutines’, ‘R_useDynamicSymbols’
It is good practice to register native routines and to disable symbol
search.
See ‘Writing portable packages’ in the ‘Writing R Extensions’ manual.
Flavors: r-devel-linux-x86_64-fedora-clang, r-devel-linux-x86_64-fedora-gcc