CRAN Package Check Results for Package drgee

Last updated on 2025-05-09 17:48:57 CEST.

Flavor Version Tinstall Tcheck Ttotal Status Flags
r-devel-linux-x86_64-debian-clang 1.1.10-3 21.58 65.29 86.87 OK
r-devel-linux-x86_64-debian-gcc 1.1.10-3 16.40 47.15 63.55 OK
r-devel-linux-x86_64-fedora-clang 1.1.10-3 145.79 OK
r-devel-linux-x86_64-fedora-gcc 1.1.10-3 144.30 OK
r-devel-windows-x86_64 1.1.10 25.00 93.00 118.00 NOTE
r-patched-linux-x86_64 1.1.10 22.31 60.13 82.44 NOTE
r-release-linux-x86_64 1.1.10 22.20 60.37 82.57 NOTE
r-release-macos-arm64 1.1.10-3 45.00 OK
r-release-macos-x86_64 1.1.10-3 87.00 OK
r-release-windows-x86_64 1.1.10-3 28.00 106.00 134.00 OK
r-oldrel-macos-arm64 1.1.10-3 45.00 OK
r-oldrel-macos-x86_64 1.1.10-3 82.00 OK
r-oldrel-windows-x86_64 1.1.10 29.00 110.00 139.00 OK

Check Details

Version: 1.1.10
Check: Rd cross-references
Result: NOTE Found the following Rd file(s) with Rd \link{} targets missing package anchors: findRoots.Rd: nleqslv Please provide package anchors for all Rd \link{} targets not in the package itself and the base packages. Flavors: r-devel-windows-x86_64, r-patched-linux-x86_64, r-release-linux-x86_64