CRAN Package Check Results for Package dittodb

Last updated on 2025-07-17 09:50:49 CEST.

Flavor Version Tinstall Tcheck Ttotal Status Flags
r-devel-linux-x86_64-debian-clang 0.1.8 4.96 101.37 106.33 NOTE
r-devel-linux-x86_64-debian-gcc 0.1.8 3.19 75.93 79.12 NOTE
r-devel-linux-x86_64-fedora-clang 0.1.8 167.84 OK
r-devel-linux-x86_64-fedora-gcc 0.1.8 169.57 OK
r-devel-windows-x86_64 0.1.8 7.00 119.00 126.00 NOTE
r-patched-linux-x86_64 0.1.8 5.35 96.70 102.05 NOTE
r-release-linux-x86_64 0.1.8 4.72 96.98 101.70 NOTE
r-release-macos-arm64 0.1.8 73.00 OK
r-release-macos-x86_64 0.1.8 124.00 OK
r-release-windows-x86_64 0.1.8 8.00 117.00 125.00 NOTE
r-oldrel-macos-arm64 0.1.8 74.00 OK
r-oldrel-macos-x86_64 0.1.8 90.00 OK
r-oldrel-windows-x86_64 0.1.8 10.00 145.00 155.00 OK

Check Details

Version: 0.1.8
Check: Rd cross-references
Result: NOTE Found the following Rd file(s) with Rd \link{} targets missing package anchors: mock-db-methods.Rd: dbConnect, dbListFields, dbWriteTable, dbRemoveTable, dbGetInfo, dbQuoteIdentifier mockdb.Rd: dbConnect Please provide package anchors for all Rd \link{} targets not in the package itself and the base packages. Flavors: r-devel-linux-x86_64-debian-clang, r-devel-linux-x86_64-debian-gcc, r-devel-windows-x86_64, r-patched-linux-x86_64, r-release-linux-x86_64, r-release-windows-x86_64