CRAN Package Check Results for Package complexplus

Last updated on 2025-07-16 03:50:27 CEST.

Flavor Version Tinstall Tcheck Ttotal Status Flags
r-devel-linux-x86_64-debian-clang 2.1 5.60 48.92 54.52 NOTE
r-devel-linux-x86_64-debian-gcc 2.1 4.61 38.16 42.77 NOTE
r-devel-linux-x86_64-fedora-clang 2.1 79.49 OK
r-devel-linux-x86_64-fedora-gcc 2.1 77.74 OK
r-devel-windows-x86_64 2.1 6.00 63.00 69.00 OK
r-patched-linux-x86_64 2.1 6.26 45.85 52.11 OK
r-release-linux-x86_64 2.1 6.15 46.35 52.50 OK
r-release-macos-arm64 2.1 30.00 OK
r-release-macos-x86_64 2.1 50.00 OK
r-release-windows-x86_64 2.1 6.00 67.00 73.00 OK
r-oldrel-macos-arm64 2.1 28.00 OK
r-oldrel-macos-x86_64 2.1 40.00 OK
r-oldrel-windows-x86_64 2.1 8.00 73.00 81.00 OK

Check Details

Version: 2.1
Check: CRAN incoming feasibility
Result: NOTE Maintainer: ‘Albert Dorador <albert.dorador@estudiant.upc.edu>’ No Authors@R field in DESCRIPTION. Please add one, modifying Authors@R: c(person(given = "Albert", family = "Dorador", role = c("aut", "cre"), email = "albert.dorador@estudiant.upc.edu"), person(given = c("Uffe", "Høgsbro"), family = "Thygesen", role = "aut")) as necessary. Flavors: r-devel-linux-x86_64-debian-clang, r-devel-linux-x86_64-debian-gcc