Last updated on 2024-07-12 20:48:14 CEST.
Flavor | Version | Tinstall | Tcheck | Ttotal | Status | Flags |
---|---|---|---|---|---|---|
r-devel-linux-x86_64-debian-clang | 1.0.2 | 7.10 | 151.44 | 158.54 | OK | |
r-devel-linux-x86_64-debian-gcc | 1.0.2 | 4.95 | 108.98 | 113.93 | OK | |
r-devel-linux-x86_64-fedora-clang | 1.0.2 | 204.38 | OK | |||
r-devel-linux-x86_64-fedora-gcc | 1.0.2 | 250.53 | OK | |||
r-devel-windows-x86_64 | 1.0.2 | 9.00 | 176.00 | 185.00 | OK | |
r-patched-linux-x86_64 | 1.0.2 | 5.73 | 147.83 | 153.56 | OK | |
r-release-linux-x86_64 | 1.0.2 | 4.28 | 147.18 | 151.46 | OK | |
r-release-macos-arm64 | 1.0.2 | 121.00 | OK | |||
r-release-macos-x86_64 | 1.0.2 | 305.00 | OK | |||
r-release-windows-x86_64 | 1.0.2 | 7.00 | 176.00 | 183.00 | OK | |
r-oldrel-macos-arm64 | 1.0.2 | 162.00 | ERROR | |||
r-oldrel-macos-x86_64 | 1.0.2 | 247.00 | ERROR | |||
r-oldrel-windows-x86_64 | 1.0.2 | 8.00 | 201.00 | 209.00 | OK |
Version: 1.0.2
Check: running R code from vignettes
Result: ERROR
Errors in running code in vignettes:
when running code in ‘design_principle.Rmd’
...
> knitr::opts_chunk$set(collapse = TRUE, comment = "#>")
> knitr::include_graphics(file.path("..", "man", "figures",
+ "cleanepi_design_diagram.drawio.png"))
When sourcing ‘design_principle.R’:
Error: Cannot find the file(s): "../man/figures/cleanepi_design_diagram.drawio.png"
Execution halted
‘cleanepi.Rmd’ using ‘UTF-8’... [3s/3s] OK
‘design_principle.Rmd’ using ‘UTF-8’... failed
Flavor: r-oldrel-macos-arm64
Version: 1.0.2
Check: running R code from vignettes
Result: ERROR
Errors in running code in vignettes:
when running code in ‘design_principle.Rmd’
...
> knitr::opts_chunk$set(collapse = TRUE, comment = "#>")
> knitr::include_graphics(file.path("..", "man", "figures",
+ "cleanepi_design_diagram.drawio.png"))
When sourcing ‘design_principle.R’:
Error: Cannot find the file(s): "../man/figures/cleanepi_design_diagram.drawio.png"
Execution halted
‘cleanepi.Rmd’ using ‘UTF-8’... [5s/7s] OK
‘design_principle.Rmd’ using ‘UTF-8’... failed
Flavor: r-oldrel-macos-x86_64