Last updated on 2025-07-18 18:51:29 CEST.
Flavor | Version | Tinstall | Tcheck | Ttotal | Status | Flags |
---|---|---|---|---|---|---|
r-devel-linux-x86_64-debian-clang | 1.0.5 | 2.02 | 21.35 | 23.37 | NOTE | |
r-devel-linux-x86_64-debian-gcc | 1.0.5 | 1.46 | 17.62 | 19.08 | NOTE | |
r-devel-linux-x86_64-fedora-clang | 1.0.5 | 35.85 | OK | |||
r-devel-linux-x86_64-fedora-gcc | 1.0.5 | 33.45 | OK | |||
r-devel-windows-x86_64 | 1.0.5 | 3.00 | 45.00 | 48.00 | OK | |
r-patched-linux-x86_64 | 1.0.5 | 1.86 | 20.34 | 22.20 | OK | |
r-release-linux-x86_64 | 1.0.5 | 1.79 | 20.44 | 22.23 | OK | |
r-release-macos-arm64 | 1.0.5 | 18.00 | OK | |||
r-release-macos-x86_64 | 1.0.5 | 25.00 | OK | |||
r-release-windows-x86_64 | 1.0.5 | 6.00 | 46.00 | 52.00 | OK | |
r-oldrel-macos-arm64 | 1.0.5 | 17.00 | OK | |||
r-oldrel-macos-x86_64 | 1.0.5 | 20.00 | OK | |||
r-oldrel-windows-x86_64 | 1.0.5 | 3.00 | 46.00 | 49.00 | OK |
Version: 1.0.5
Check: CRAN incoming feasibility
Result: NOTE
Maintainer: ‘Zehang Li <lizehang@uw.edu>’
No Authors@R field in DESCRIPTION.
Please add one, modifying
Authors@R: c(person(given = "Zehang",
family = "Li",
role = c("aut", "cre"),
email = "lizehang@uw.edu"),
person(given = "Tyler",
family = "McCormick",
role = "aut"),
person(given = "Sam",
family = "Clark",
role = "aut"))
as necessary.
Flavors: r-devel-linux-x86_64-debian-clang, r-devel-linux-x86_64-debian-gcc