Last updated on 2025-07-16 03:50:43 CEST.
Flavor | Version | Tinstall | Tcheck | Ttotal | Status | Flags |
---|---|---|---|---|---|---|
r-devel-linux-x86_64-debian-clang | 2.2.5 | 7.02 | 82.27 | 89.29 | NOTE | |
r-devel-linux-x86_64-debian-gcc | 2.2.5 | 5.12 | 63.03 | 68.15 | NOTE | |
r-devel-linux-x86_64-fedora-clang | 2.2.5 | 139.23 | OK | |||
r-devel-linux-x86_64-fedora-gcc | 2.2.5 | 145.90 | OK | |||
r-devel-windows-x86_64 | 2.2.5 | 8.00 | 92.00 | 100.00 | OK | |
r-patched-linux-x86_64 | 2.2.5 | 7.75 | 77.33 | 85.08 | OK | |
r-release-linux-x86_64 | 2.2.5 | 6.20 | 75.73 | 81.93 | OK | |
r-release-macos-arm64 | 2.2.5 | 56.00 | OK | |||
r-release-macos-x86_64 | 2.2.5 | 86.00 | OK | |||
r-release-windows-x86_64 | 2.2.5 | 10.00 | 96.00 | 106.00 | OK | |
r-oldrel-macos-arm64 | 2.2.5 | 53.00 | OK | |||
r-oldrel-macos-x86_64 | 2.2.5 | 80.00 | OK | |||
r-oldrel-windows-x86_64 | 2.2.5 | 13.00 | 119.00 | 132.00 | OK |
Version: 2.2.5
Check: CRAN incoming feasibility
Result: NOTE
Maintainer: ‘Mathew Chamberlain <chamberlainphd@gmail.com>’
Package CITATION file contains call(s) to old-style personList() or
as.personList(). Please use c() on person objects instead.
Package CITATION file contains call(s) to old-style citEntry(). Please
use bibentry() instead.
Flavors: r-devel-linux-x86_64-debian-clang, r-devel-linux-x86_64-debian-gcc