CRAN Package Check Results for Package SPreg

Last updated on 2025-07-18 18:51:28 CEST.

Flavor Version Tinstall Tcheck Ttotal Status Flags
r-devel-linux-x86_64-debian-clang 1.0 2.55 24.49 27.04 NOTE
r-devel-linux-x86_64-debian-gcc 1.0 2.07 20.25 22.32 NOTE
r-devel-linux-x86_64-fedora-clang 1.0 41.61 OK
r-devel-linux-x86_64-fedora-gcc 1.0 39.12 OK
r-devel-windows-x86_64 1.0 4.00 44.00 48.00 OK
r-patched-linux-x86_64 1.0 2.50 23.25 25.75 OK
r-release-linux-x86_64 1.0 2.61 23.74 26.35 OK
r-release-macos-arm64 1.0 37.00 OK
r-release-macos-x86_64 1.0 35.00 OK
r-release-windows-x86_64 1.0 4.00 44.00 48.00 OK
r-oldrel-macos-arm64 1.0 18.00 OK
r-oldrel-macos-x86_64 1.0 26.00 OK
r-oldrel-windows-x86_64 1.0 5.00 48.00 53.00 OK

Check Details

Version: 1.0
Check: CRAN incoming feasibility
Result: NOTE Maintainer: ‘DongHyuk Lee <leedhyuk@gmail.com>’ No Authors@R field in DESCRIPTION. Please add one, modifying Authors@R: c(person(given = "DongHyuk", family = "Lee", role = c("aut", "cre"), email = "leedhyuk@gmail.com"), person(given = "Samiran", family = "Sinha", role = "aut")) as necessary. Flavors: r-devel-linux-x86_64-debian-clang, r-devel-linux-x86_64-debian-gcc