CRAN Package Check Results for Package RSBJson

Last updated on 2025-07-18 15:49:35 CEST.

Flavor Version Tinstall Tcheck Ttotal Status Flags
r-devel-linux-x86_64-debian-clang 1.1.2 1.59 19.08 20.67 NOTE
r-devel-linux-x86_64-debian-gcc 1.1.2 1.41 16.35 17.76 NOTE
r-devel-linux-x86_64-fedora-clang 1.1.2 32.43 OK
r-devel-linux-x86_64-fedora-gcc 1.1.2 30.67 OK
r-devel-windows-x86_64 1.1.2 2.00 40.00 42.00 OK
r-patched-linux-x86_64 1.1.2 1.51 18.21 19.72 OK
r-release-linux-x86_64 1.1.2 1.61 18.32 19.93 OK
r-release-macos-arm64 1.1.2 16.00 OK
r-release-macos-x86_64 1.1.2 24.00 OK
r-release-windows-x86_64 1.1.2 2.00 39.00 41.00 OK
r-oldrel-macos-arm64 1.1.2 17.00 OK
r-oldrel-macos-x86_64 1.1.2 29.00 OK
r-oldrel-windows-x86_64 1.1.2 3.00 44.00 47.00 OK

Check Details

Version: 1.1.2
Check: CRAN incoming feasibility
Result: NOTE Maintainer: ‘Tobias Verbeke <tobias.verbeke@openanalytics.eu>’ No Authors@R field in DESCRIPTION. Please add one, modifying Authors@R: person(given = "Tobias", family = "Verbeke", role = c("aut", "cre"), email = "tobias.verbeke@openanalytics.eu") as necessary. Flavors: r-devel-linux-x86_64-debian-clang, r-devel-linux-x86_64-debian-gcc