CRAN Package Check Results for Package NHSRdatasets

Last updated on 2025-07-17 09:50:57 CEST.

Flavor Version Tinstall Tcheck Ttotal Status Flags
r-devel-linux-x86_64-debian-clang 0.3.0 1.66 72.78 74.44 OK
r-devel-linux-x86_64-debian-gcc 0.3.0 1.46 53.93 55.39 OK
r-devel-linux-x86_64-fedora-clang 0.3.0 116.99 NOTE
r-devel-linux-x86_64-fedora-gcc 0.3.0 135.27 NOTE
r-devel-windows-x86_64 0.3.0 3.00 89.00 92.00 OK
r-patched-linux-x86_64 0.3.0 1.79 71.00 72.79 OK
r-release-linux-x86_64 0.3.0 1.75 68.58 70.33 OK
r-release-macos-arm64 0.3.0 59.00 OK
r-release-macos-x86_64 0.3.0 92.00 OK
r-release-windows-x86_64 0.3.0 3.00 90.00 93.00 OK
r-oldrel-macos-arm64 0.3.0 43.00 OK
r-oldrel-macos-x86_64 0.3.0 66.00 OK
r-oldrel-windows-x86_64 0.3.0 6.00 109.00 115.00 OK

Check Details

Version: 0.3.0
Check: dependencies in R code
Result: NOTE Namespace in Imports field not imported from: ‘tibble’ All declared Imports should be used. Flavors: r-devel-linux-x86_64-fedora-clang, r-devel-linux-x86_64-fedora-gcc