Last updated on 2025-05-09 16:52:58 CEST.
Flavor | Version | Tinstall | Tcheck | Ttotal | Status | Flags |
---|---|---|---|---|---|---|
r-devel-linux-x86_64-debian-clang | 2.4-1 | 110.19 | 154.40 | 264.59 | OK | |
r-devel-linux-x86_64-debian-gcc | 2.4-1 | 82.54 | 108.13 | 190.67 | OK | |
r-devel-linux-x86_64-fedora-clang | 2.4-1 | 458.75 | OK | |||
r-devel-linux-x86_64-fedora-gcc | 2.4-1 | 466.65 | OK | |||
r-devel-windows-x86_64 | 2.4-1 | 110.00 | 169.00 | 279.00 | OK | |
r-patched-linux-x86_64 | 2.4-1 | 110.92 | 154.49 | 265.41 | OK | |
r-release-linux-x86_64 | 2.4-1 | 106.67 | 154.15 | 260.82 | OK | |
r-release-macos-arm64 | 2.4-1 | 112.00 | OK | |||
r-release-macos-x86_64 | 2.4-1 | 226.00 | OK | |||
r-release-windows-x86_64 | 2.4-1 | 110.00 | 172.00 | 282.00 | OK | |
r-oldrel-macos-arm64 | 2.4-1 | 103.00 | NOTE | |||
r-oldrel-macos-x86_64 | 2.4-1 | 232.00 | NOTE | |||
r-oldrel-windows-x86_64 | 2.4-1 | 133.00 | 219.00 | 352.00 | OK |
Version: 2.4-1
Check: installed package size
Result: NOTE
installed size is 27.9Mb
sub-directories of 1Mb or more:
data 1.5Mb
libs 25.6Mb
Flavors: r-oldrel-macos-arm64, r-oldrel-macos-x86_64