CRAN Package Check Results for Package ForecastCombinations

Last updated on 2025-07-16 03:50:30 CEST.

Flavor Version Tinstall Tcheck Ttotal Status Flags
r-devel-linux-x86_64-debian-clang 1.1 7.67 58.66 66.33 NOTE
r-devel-linux-x86_64-debian-gcc 1.1 5.16 45.66 50.82 NOTE
r-devel-linux-x86_64-fedora-clang 1.1 101.21 OK
r-devel-linux-x86_64-fedora-gcc 1.1 97.13 OK
r-devel-windows-x86_64 1.1 8.00 69.00 77.00 OK
r-patched-linux-x86_64 1.1 7.22 56.73 63.95 OK
r-release-linux-x86_64 1.1 6.90 56.27 63.17 OK
r-release-macos-arm64 1.1 37.00 OK
r-release-macos-x86_64 1.1 65.00 OK
r-release-windows-x86_64 1.1 8.00 77.00 85.00 OK
r-oldrel-macos-arm64 1.1 29.00 OK
r-oldrel-macos-x86_64 1.1 46.00 OK
r-oldrel-windows-x86_64 1.1 10.00 88.00 98.00 OK

Check Details

Version: 1.1
Check: CRAN incoming feasibility
Result: NOTE Maintainer: ‘Eran Raviv <eeraviv@gmail.com>’ No Authors@R field in DESCRIPTION. Please add one, modifying Authors@R: person(given = "Eran", family = "Raviv", role = c("aut", "cre"), email = "eeraviv@gmail.com") as necessary. Flavors: r-devel-linux-x86_64-debian-clang, r-devel-linux-x86_64-debian-gcc