CRAN Package Check Results for Package DyMEP

Last updated on 2025-07-18 18:51:12 CEST.

Flavor Version Tinstall Tcheck Ttotal Status Flags
r-devel-linux-x86_64-debian-clang 0.1.2 2.48 43.80 46.28 NOTE
r-devel-linux-x86_64-debian-gcc 0.1.2 2.09 30.23 32.32 NOTE
r-devel-linux-x86_64-fedora-clang 0.1.2 72.15 OK
r-devel-linux-x86_64-fedora-gcc 0.1.2 66.47 OK
r-devel-windows-x86_64 0.1.2 8.00 61.00 69.00 OK
r-patched-linux-x86_64 0.1.2 2.41 38.68 41.09 OK
r-release-linux-x86_64 0.1.2 2.37 38.21 40.58 OK
r-release-macos-arm64 0.1.2 24.00 OK
r-release-macos-x86_64 0.1.2 40.00 OK
r-release-windows-x86_64 0.1.2 8.00 62.00 70.00 OK
r-oldrel-macos-arm64 0.1.2 35.00 NOTE
r-oldrel-macos-x86_64 0.1.2 35.00 NOTE
r-oldrel-windows-x86_64 0.1.2 9.00 69.00 78.00 NOTE

Check Details

Version: 0.1.2
Check: CRAN incoming feasibility
Result: NOTE Maintainer: ‘Flavian Tschurr <flavian.tschurr@usys.ethz.ch>’ No Authors@R field in DESCRIPTION. Please add one, modifying Authors@R: person(given = "Flavian", family = "Tschurr", role = c("aut", "cre"), email = "flavian.tschurr@usys.ethz.ch") as necessary. Flavors: r-devel-linux-x86_64-debian-clang, r-devel-linux-x86_64-debian-gcc

Version: 0.1.2
Check: installed package size
Result: NOTE installed size is 5.8Mb sub-directories of 1Mb or more: extdata 5.6Mb Flavors: r-oldrel-macos-arm64, r-oldrel-macos-x86_64, r-oldrel-windows-x86_64