CRAN Package Check Results for Package CARME

Last updated on 2025-07-17 09:50:46 CEST.

Flavor Version Tinstall Tcheck Ttotal Status Flags
r-devel-linux-x86_64-debian-clang 0.1.1 140.40 131.83 272.23 OK
r-devel-linux-x86_64-debian-gcc 0.1.1 142.90 104.78 247.68 OK
r-devel-linux-x86_64-fedora-clang 0.1.1 418.68 NOTE
r-devel-linux-x86_64-fedora-gcc 0.1.1 507.91 NOTE
r-devel-windows-x86_64 0.1.1 150.00 152.00 302.00 OK
r-patched-linux-x86_64 0.1.1 167.72 138.96 306.68 OK
r-release-linux-x86_64 0.1.1 166.13 138.14 304.27 OK
r-release-macos-arm64 0.1.1 107.00 OK
r-release-macos-x86_64 0.1.1 239.00 OK
r-release-windows-x86_64 0.1.1 151.00 154.00 305.00 OK
r-oldrel-macos-arm64 0.1.1 64.00 NOTE
r-oldrel-macos-x86_64 0.1.1 114.00 NOTE
r-oldrel-windows-x86_64 0.1.1 176.00 193.00 369.00 NOTE

Check Details

Version: 0.1.1
Check: dependencies in R code
Result: NOTE Namespace in Imports field not imported from: ‘rstantools’ All declared Imports should be used. Flavors: r-devel-linux-x86_64-fedora-clang, r-devel-linux-x86_64-fedora-gcc

Version: 0.1.1
Check: installed package size
Result: NOTE installed size is 49.1Mb sub-directories of 1Mb or more: libs 48.8Mb Flavors: r-oldrel-macos-arm64, r-oldrel-macos-x86_64

Version: 0.1.1
Check: for GNU extensions in Makefiles
Result: NOTE GNU make is a SystemRequirements. Flavors: r-oldrel-macos-arm64, r-oldrel-macos-x86_64, r-oldrel-windows-x86_64