Last updated on 2025-07-18 18:51:31 CEST.
Flavor | Version | Tinstall | Tcheck | Ttotal | Status | Flags |
---|---|---|---|---|---|---|
r-devel-linux-x86_64-debian-clang | 0.3.2 | 8.60 | 127.90 | 136.50 | NOTE | |
r-devel-linux-x86_64-debian-gcc | 0.3.2 | 6.99 | 84.40 | 91.39 | NOTE | |
r-devel-linux-x86_64-fedora-clang | 0.3.2 | 215.73 | OK | |||
r-devel-linux-x86_64-fedora-gcc | 0.3.2 | 218.18 | OK | |||
r-devel-windows-x86_64 | 0.3.2 | 10.00 | 136.00 | 146.00 | OK | |
r-patched-linux-x86_64 | 0.3.2 | 8.45 | 122.51 | 130.96 | OK | |
r-release-linux-x86_64 | 0.3.2 | 8.92 | 122.07 | 130.99 | OK | |
r-release-macos-arm64 | 0.3.2 | 65.00 | OK | |||
r-release-macos-x86_64 | 0.3.2 | 138.00 | OK | |||
r-release-windows-x86_64 | 0.3.2 | 10.00 | 129.00 | 139.00 | OK | |
r-oldrel-macos-arm64 | 0.3.2 | 60.00 | OK | |||
r-oldrel-macos-x86_64 | 0.3.2 | 98.00 | OK | |||
r-oldrel-windows-x86_64 | 0.3.2 | 14.00 | 176.00 | 190.00 | OK |
Version: 0.3.2
Check: CRAN incoming feasibility
Result: NOTE
Maintainer: ‘Pablo J. Villacorta <pjvi@decsai.ugr.es>’
No Authors@R field in DESCRIPTION.
Please add one, modifying
Authors@R: person(given = c("Pablo", "J."),
family = "Villacorta",
role = c("aut", "cre"),
email = "pjvi@decsai.ugr.es")
as necessary.
Flavors: r-devel-linux-x86_64-debian-clang, r-devel-linux-x86_64-debian-gcc