Last updated on 2024-06-13 19:48:47 CEST.
Flavor | Version | Tinstall | Tcheck | Ttotal | Status | Flags |
---|---|---|---|---|---|---|
r-devel-linux-x86_64-debian-clang | 1.0.4 | 7.36 | 55.25 | 62.61 | OK | |
r-devel-linux-x86_64-debian-gcc | 1.0.4 | 0.29 | 1.85 | 2.14 | ERROR | |
r-devel-linux-x86_64-fedora-clang | 1.0.4 | 79.26 | NOTE | |||
r-devel-linux-x86_64-fedora-gcc | 1.0.4 | 86.26 | NOTE | |||
r-devel-windows-x86_64 | 1.0.4 | 7.00 | 69.00 | 76.00 | OK | |
r-patched-linux-x86_64 | 1.0.4 | 7.47 | 53.62 | 61.09 | OK | |
r-release-linux-x86_64 | 1.0.4 | 4.57 | 53.42 | 57.99 | OK | |
r-release-macos-arm64 | 1.0.4 | 34.00 | OK | |||
r-release-macos-x86_64 | 1.0.4 | 52.00 | OK | |||
r-release-windows-x86_64 | 1.0.4 | 8.00 | 76.00 | 84.00 | OK | |
r-oldrel-macos-arm64 | 1.0.4 | 35.00 | OK | |||
r-oldrel-macos-x86_64 | 1.0.4 | 55.00 | OK | |||
r-oldrel-windows-x86_64 | 1.0.4 | 9.00 | 74.00 | 83.00 | OK |
Version: 1.0.4
Check: package dependencies
Result: ERROR
Packages required but not available:
'dplyr', 'lubridate', 'readr', 'stringr', 'tibble', 'tidyr'
Package suggested but not available for checking: ‘ggplot2’
See section ‘The DESCRIPTION file’ in the ‘Writing R Extensions’
manual.
Flavor: r-devel-linux-x86_64-debian-gcc
Version: 1.0.4
Check: data for non-ASCII characters
Result: NOTE
Note: found 3133 marked UTF-8 strings
Flavors: r-devel-linux-x86_64-fedora-clang, r-devel-linux-x86_64-fedora-gcc