Last updated on 2024-08-15 12:48:42 CEST.
Flavor | Version | Tinstall | Tcheck | Ttotal | Status | Flags |
---|---|---|---|---|---|---|
r-devel-linux-x86_64-debian-clang | 1.0.3 | 61.99 | 134.65 | 196.64 | NOTE | |
r-devel-linux-x86_64-debian-gcc | 1.0.3 | 44.45 | 93.32 | 137.77 | NOTE | |
r-devel-linux-x86_64-fedora-clang | 1.0.3 | 327.03 | NOTE | |||
r-devel-linux-x86_64-fedora-gcc | 1.0.3 | 350.22 | NOTE | |||
r-devel-windows-x86_64 | 1.0.3 | 63.00 | 143.00 | 206.00 | NOTE | |
r-patched-linux-x86_64 | 1.0.3 | 66.22 | 125.47 | 191.69 | NOTE | |
r-release-linux-x86_64 | 1.0.3 | 66.02 | 125.51 | 191.53 | NOTE | |
r-release-macos-arm64 | 1.0.3 | 81.00 | NOTE | |||
r-release-macos-x86_64 | 1.0.3 | 122.00 | NOTE | |||
r-release-windows-x86_64 | 1.0.3 | 64.00 | 141.00 | 205.00 | NOTE | |
r-oldrel-macos-arm64 | 1.0.3 | 97.00 | NOTE | |||
r-oldrel-macos-x86_64 | 1.0.3 | 162.00 | NOTE | |||
r-oldrel-windows-x86_64 | 1.0.3 | 77.00 | 185.00 | 262.00 | OK |
Version: 1.0.3
Check: Rd files
Result: NOTE
checkRd: (-1) LinRegChol.Rd:21: Lost braces; missing escapes or markup?
21 | Do linear regression of form (X^T O X + P)^{-1} X^T y where O is omega, P is
| ^
Flavors: r-devel-linux-x86_64-debian-clang, r-devel-linux-x86_64-debian-gcc, r-devel-linux-x86_64-fedora-clang, r-devel-linux-x86_64-fedora-gcc, r-devel-windows-x86_64, r-patched-linux-x86_64, r-release-linux-x86_64, r-release-macos-arm64, r-release-macos-x86_64, r-release-windows-x86_64
Version: 1.0.3
Check: installed package size
Result: NOTE
installed size is 7.0Mb
sub-directories of 1Mb or more:
libs 6.6Mb
Flavors: r-release-macos-arm64, r-release-macos-x86_64, r-oldrel-macos-arm64, r-oldrel-macos-x86_64