Last updated on 2025-07-18 18:51:30 CEST.
Flavor | Version | Tinstall | Tcheck | Ttotal | Status | Flags |
---|---|---|---|---|---|---|
r-devel-linux-x86_64-debian-clang | 1.0.2 | 7.01 | 76.20 | 83.21 | NOTE | |
r-devel-linux-x86_64-debian-gcc | 1.0.2 | 5.90 | 61.32 | 67.22 | NOTE | |
r-devel-linux-x86_64-fedora-clang | 1.0.2 | 126.96 | OK | |||
r-devel-linux-x86_64-fedora-gcc | 1.0.2 | 124.06 | OK | |||
r-devel-windows-x86_64 | 1.0.2 | 8.00 | 88.00 | 96.00 | OK | |
r-patched-linux-x86_64 | 1.0.2 | 4.98 | 78.21 | 83.19 | OK | |
r-release-linux-x86_64 | 1.0.2 | 5.75 | 74.07 | 79.82 | OK | |
r-release-macos-arm64 | 1.0.2 | 49.00 | OK | |||
r-release-macos-x86_64 | 1.0.2 | 69.00 | OK | |||
r-release-windows-x86_64 | 1.0.2 | 8.00 | 85.00 | 93.00 | OK | |
r-oldrel-macos-arm64 | 1.0.2 | 50.00 | OK | |||
r-oldrel-macos-x86_64 | 1.0.2 | 71.00 | OK | |||
r-oldrel-windows-x86_64 | 1.0.2 | 9.00 | 108.00 | 117.00 | OK |
Version: 1.0.2
Check: CRAN incoming feasibility
Result: NOTE
Maintainer: ‘Mikaela Koutrouli <mikaela.koutrouli@cpr.ku.dk>’
Package CITATION file contains call(s) to old-style personList() or
as.personList(). Please use c() on person objects instead.
Package CITATION file contains call(s) to old-style citEntry(). Please
use bibentry() instead.
Flavors: r-devel-linux-x86_64-debian-clang, r-devel-linux-x86_64-debian-gcc