Last updated on 2025-07-16 03:50:46 CEST.
Flavor | Version | Tinstall | Tcheck | Ttotal | Status | Flags |
---|---|---|---|---|---|---|
r-devel-linux-x86_64-debian-clang | 0.1.0 | 32.83 | 30.99 | 63.82 | OK | |
r-devel-linux-x86_64-debian-gcc | 0.1.0 | 21.95 | 25.10 | 47.05 | OK | |
r-devel-linux-x86_64-fedora-clang | 0.1.0 | 121.23 | OK | |||
r-devel-linux-x86_64-fedora-gcc | 0.1.0 | 107.51 | OK | |||
r-devel-windows-x86_64 | 0.1.0 | 36.00 | 68.00 | 104.00 | OK | |
r-patched-linux-x86_64 | 0.1.0 | 30.15 | 31.46 | 61.61 | OK | |
r-release-linux-x86_64 | 0.1.0 | 28.38 | 30.98 | 59.36 | OK | |
r-release-macos-arm64 | 0.1.0 | 36.00 | OK | |||
r-release-macos-x86_64 | 0.1.0 | 52.00 | OK | |||
r-release-windows-x86_64 | 0.1.0 | 37.00 | 80.00 | 117.00 | OK | |
r-oldrel-macos-arm64 | 0.1.0 | 34.00 | NOTE | |||
r-oldrel-macos-x86_64 | 0.1.0 | 41.00 | NOTE | |||
r-oldrel-windows-x86_64 | 0.1.0 | 44.00 | 87.00 | 131.00 | OK |
Version: 0.1.0
Check: installed package size
Result: NOTE
installed size is 7.9Mb
sub-directories of 1Mb or more:
libs 7.8Mb
Flavors: r-oldrel-macos-arm64, r-oldrel-macos-x86_64