Last updated on 2024-08-15 12:48:41 CEST.
Flavor | Version | Tinstall | Tcheck | Ttotal | Status | Flags |
---|---|---|---|---|---|---|
r-devel-linux-x86_64-debian-clang | 1.1.3 | 357.33 | 82.55 | 439.88 | NOTE | |
r-devel-linux-x86_64-debian-gcc | 1.1.3 | 223.19 | 60.50 | 283.69 | NOTE | |
r-devel-linux-x86_64-fedora-clang | 1.1.3 | 692.91 | NOTE | |||
r-devel-linux-x86_64-fedora-gcc | 1.1.3 | 848.84 | NOTE | |||
r-devel-windows-x86_64 | 1.1.3 | 262.00 | 144.00 | 406.00 | NOTE | |
r-patched-linux-x86_64 | 1.1.3 | 311.97 | 76.92 | 388.89 | NOTE | |
r-release-linux-x86_64 | 1.1.3 | 306.83 | 77.86 | 384.69 | NOTE | |
r-release-macos-arm64 | 1.1.3 | 192.00 | NOTE | |||
r-release-macos-x86_64 | 1.1.3 | 189.00 | NOTE | |||
r-release-windows-x86_64 | 1.1.3 | 278.00 | 144.00 | 422.00 | NOTE | |
r-oldrel-macos-arm64 | 1.1.3 | 267.00 | NOTE | |||
r-oldrel-macos-x86_64 | 1.1.3 | 464.00 | NOTE | |||
r-oldrel-windows-x86_64 | 1.1.3 | 368.00 | 169.00 | 537.00 | OK |
Version: 1.1.3
Check: Rd files
Result: NOTE
checkRd: (-1) get_tidysq_options.Rd:37: Lost braces
37 | \item tidysq_pillar_max_width [code{integer(1)}]\cr
| ^
checkRd: (-1) read_fasta.Rd:54-55: Lost braces in \itemize; \value handles \item{}{} directly
checkRd: (-1) read_fasta.Rd:56: Lost braces in \itemize; \value handles \item{}{} directly
Flavors: r-devel-linux-x86_64-debian-clang, r-devel-linux-x86_64-debian-gcc, r-devel-linux-x86_64-fedora-clang, r-devel-linux-x86_64-fedora-gcc, r-devel-windows-x86_64, r-patched-linux-x86_64, r-release-linux-x86_64, r-release-macos-arm64, r-release-macos-x86_64, r-release-windows-x86_64
Version: 1.1.3
Check: installed package size
Result: NOTE
installed size is 43.5Mb
sub-directories of 1Mb or more:
libs 42.7Mb
Flavors: r-release-macos-arm64, r-release-macos-x86_64, r-oldrel-macos-arm64, r-oldrel-macos-x86_64