CRAN Package Check Results for Package threg

Last updated on 2025-07-18 18:51:29 CEST.

Flavor Version Tinstall Tcheck Ttotal Status Flags
r-devel-linux-x86_64-debian-clang 1.0.3 6.10 56.10 62.20 NOTE
r-devel-linux-x86_64-debian-gcc 1.0.3 4.49 43.37 47.86 NOTE
r-devel-linux-x86_64-fedora-clang 1.0.3 89.47 OK
r-devel-linux-x86_64-fedora-gcc 1.0.3 89.98 OK
r-devel-windows-x86_64 1.0.3 7.00 74.00 81.00 OK
r-patched-linux-x86_64 1.0.3 6.25 53.86 60.11 OK
r-release-linux-x86_64 1.0.3 6.91 53.78 60.69 OK
r-release-macos-arm64 1.0.3 36.00 OK
r-release-macos-x86_64 1.0.3 71.00 OK
r-release-windows-x86_64 1.0.3 8.00 76.00 84.00 OK
r-oldrel-macos-arm64 1.0.3 34.00 OK
r-oldrel-macos-x86_64 1.0.3 55.00 OK
r-oldrel-windows-x86_64 1.0.3 9.00 87.00 96.00 OK

Check Details

Version: 1.0.3
Check: CRAN incoming feasibility
Result: NOTE Maintainer: ‘Tao Xiao <taoxiao1@gmail.com>’ No Authors@R field in DESCRIPTION. Please add one, modifying Authors@R: person(given = "Tao", family = "Xiao", role = c("aut", "cre"), email = "taoxiao1@gmail.com") as necessary. Package CITATION file contains call(s) to old-style personList() or as.personList(). Please use c() on person objects instead. Package CITATION file contains call(s) to old-style citEntry(). Please use bibentry() instead. Flavors: r-devel-linux-x86_64-debian-clang, r-devel-linux-x86_64-debian-gcc