CRAN Package Check Results for Package tea

Last updated on 2025-07-18 18:51:29 CEST.

Flavor Version Tinstall Tcheck Ttotal Status Flags
r-devel-linux-x86_64-debian-clang 1.1 8.00 74.35 82.35 NOTE
r-devel-linux-x86_64-debian-gcc 1.1 5.51 53.80 59.31 NOTE
r-devel-linux-x86_64-fedora-clang 1.1 123.26 OK
r-devel-linux-x86_64-fedora-gcc 1.1 120.10 OK
r-devel-windows-x86_64 1.1 9.00 93.00 102.00 OK
r-patched-linux-x86_64 1.1 8.20 71.00 79.20 OK
r-release-linux-x86_64 1.1 8.07 72.05 80.12 OK
r-release-macos-arm64 1.1 39.00 OK
r-release-macos-x86_64 1.1 80.00 OK
r-release-windows-x86_64 1.1 8.00 91.00 99.00 OK
r-oldrel-macos-arm64 1.1 37.00 OK
r-oldrel-macos-x86_64 1.1 55.00 OK
r-oldrel-windows-x86_64 1.1 12.00 106.00 118.00 OK

Check Details

Version: 1.1
Check: CRAN incoming feasibility
Result: NOTE Maintainer: ‘Johannes Ossberger <johannes.ossberger@gmail.com>’ No Authors@R field in DESCRIPTION. Please add one, modifying Authors@R: person(given = "Johannes", family = "Ossberger", role = c("aut", "cre"), email = "johannes.ossberger@gmail.com") as necessary. Flavors: r-devel-linux-x86_64-debian-clang, r-devel-linux-x86_64-debian-gcc