CRAN Package Check Results for Package soundecology

Last updated on 2025-07-18 18:51:28 CEST.

Flavor Version Tinstall Tcheck Ttotal Status Flags
r-devel-linux-x86_64-debian-clang 1.3.3 10.49 88.65 99.14 NOTE
r-devel-linux-x86_64-debian-gcc 1.3.3 8.06 70.36 78.42 NOTE
r-devel-linux-x86_64-fedora-clang 1.3.3 154.10 OK
r-devel-linux-x86_64-fedora-gcc 1.3.3 172.92 OK
r-devel-windows-x86_64 1.3.3 11.00 96.00 107.00 OK
r-patched-linux-x86_64 1.3.3 8.88 85.91 94.79 OK
r-release-linux-x86_64 1.3.3 10.13 85.22 95.35 OK
r-release-macos-arm64 1.3.3 65.00 OK
r-release-macos-x86_64 1.3.3 109.00 OK
r-release-windows-x86_64 1.3.3 12.00 94.00 106.00 OK
r-oldrel-macos-arm64 1.3.3 55.00 OK
r-oldrel-macos-x86_64 1.3.3 87.00 OK
r-oldrel-windows-x86_64 1.3.3 14.00 117.00 131.00 OK

Check Details

Version: 1.3.3
Check: CRAN incoming feasibility
Result: NOTE Maintainer: ‘Luis J. Villanueva-Rivera <ljvillanueva@coquipr.com>’ No Authors@R field in DESCRIPTION. Please add one, modifying Authors@R: c(person(given = c("Luis", "J."), family = "Villanueva-Rivera", role = c("aut", "cre"), email = "ljvillanueva@coquipr.com"), person(given = c("Bryan", "C."), family = "Pijanowski", role = "aut")) as necessary. Flavors: r-devel-linux-x86_64-debian-clang, r-devel-linux-x86_64-debian-gcc