CRAN Package Check Results for Package smpic

Last updated on 2025-07-18 18:51:27 CEST.

Flavor Version Tinstall Tcheck Ttotal Status Flags
r-devel-linux-x86_64-debian-clang 0.1.0 1.80 36.31 38.11 NOTE
r-devel-linux-x86_64-debian-gcc 0.1.0 1.35 28.62 29.97 NOTE
r-devel-linux-x86_64-fedora-clang 0.1.0 59.38 NOTE
r-devel-linux-x86_64-fedora-gcc 0.1.0 69.36 NOTE
r-devel-windows-x86_64 0.1.0 3.00 56.00 59.00 OK
r-patched-linux-x86_64 0.1.0 1.77 34.01 35.78 NOTE
r-release-linux-x86_64 0.1.0 1.62 33.66 35.28 NOTE
r-release-macos-arm64 0.1.0 29.00 OK
r-release-macos-x86_64 0.1.0 50.00 OK
r-release-windows-x86_64 0.1.0 3.00 55.00 58.00 OK
r-oldrel-macos-arm64 0.1.0 28.00 OK
r-oldrel-macos-x86_64 0.1.0 43.00 OK
r-oldrel-windows-x86_64 0.1.0 4.00 66.00 70.00 OK

Check Details

Version: 0.1.0
Check: CRAN incoming feasibility
Result: NOTE Maintainer: ‘Mikkel Freltoft Krogsholm <mikkel@56n.dk>’ No Authors@R field in DESCRIPTION. Please add one, modifying Authors@R: person(given = c("Mikkel", "Freltoft"), family = "Krogsholm", role = c("aut", "cre"), email = "mikkel@56n.dk") as necessary. Flavors: r-devel-linux-x86_64-debian-clang, r-devel-linux-x86_64-debian-gcc

Version: 0.1.0
Check: for non-standard things in the check directory
Result: NOTE Found the following files/directories: ‘my_new_social_media_plot.png’ Flavors: r-devel-linux-x86_64-debian-clang, r-devel-linux-x86_64-debian-gcc, r-devel-linux-x86_64-fedora-clang, r-devel-linux-x86_64-fedora-gcc, r-patched-linux-x86_64, r-release-linux-x86_64