Last updated on 2025-07-21 09:50:05 CEST.
Flavor | Version | Tinstall | Tcheck | Ttotal | Status | Flags |
---|---|---|---|---|---|---|
r-devel-linux-x86_64-debian-clang | 1.5-4 | 92.43 | 281.25 | 373.68 | OK | |
r-devel-linux-x86_64-debian-gcc | 1.5-4 | 55.32 | 173.25 | 228.57 | OK | |
r-devel-linux-x86_64-fedora-clang | 1.5-4 | 599.76 | OK | |||
r-devel-linux-x86_64-fedora-gcc | 1.5-4 | 584.37 | OK | |||
r-devel-windows-x86_64 | 1.5-4 | 89.00 | 265.00 | 354.00 | OK | |
r-patched-linux-x86_64 | 1.5-4 | 88.86 | 265.25 | 354.11 | OK | |
r-release-linux-x86_64 | 1.5-4 | 85.77 | 265.24 | 351.01 | OK | |
r-release-macos-arm64 | 1.5-4 | 141.00 | OK | |||
r-release-macos-x86_64 | 1.5-4 | 267.00 | OK | |||
r-release-windows-x86_64 | 1.5-4 | 90.00 | 278.00 | 368.00 | OK | |
r-oldrel-macos-arm64 | 1.5-4 | 141.00 | NOTE | |||
r-oldrel-macos-x86_64 | 1.5-4 | 254.00 | NOTE | |||
r-oldrel-windows-x86_64 | 1.5-4 | 126.00 | 351.00 | 477.00 | NOTE |
Version: 1.5-4
Check: installed package size
Result: NOTE
installed size is 7.7Mb
sub-directories of 1Mb or more:
R 3.0Mb
libs 2.5Mb
Flavors: r-oldrel-macos-arm64, r-oldrel-macos-x86_64, r-oldrel-windows-x86_64