CRAN Package Check Results for Package rofanova

Last updated on 2025-07-20 00:48:37 CEST.

Flavor Version Tinstall Tcheck Ttotal Status Flags
r-devel-linux-x86_64-debian-clang 1.0.0 32.52 164.64 197.16 NOTE
r-devel-linux-x86_64-debian-gcc 1.0.0 20.95 107.50 128.45 NOTE
r-devel-linux-x86_64-fedora-clang 1.0.0 329.00 NOTE
r-devel-linux-x86_64-fedora-gcc 1.0.0 327.47 NOTE
r-devel-windows-x86_64 1.0.0 42.00 177.00 219.00 OK
r-patched-linux-x86_64 1.0.0 32.08 157.53 189.61 NOTE
r-release-linux-x86_64 1.0.0 32.57 159.02 191.59 NOTE
r-release-macos-arm64 1.0.0 84.00 NOTE
r-release-macos-x86_64 1.0.0 167.00 NOTE
r-release-windows-x86_64 1.0.0 41.00 168.00 209.00 OK
r-oldrel-macos-arm64 1.0.0 83.00 NOTE
r-oldrel-macos-x86_64 1.0.0 119.00 NOTE
r-oldrel-windows-x86_64 1.0.0 53.00 240.00 293.00 OK

Check Details

Version: 1.0.0
Check: CRAN incoming feasibility
Result: NOTE Maintainer: ‘Fabio Centofanti <fabio.centofanti@unina.it>’ The Description field contains described in Centofanti et al. (2021) <arXiv:2112.10643>. It allows Please refer to arXiv e-prints via their arXiv DOI <doi:10.48550/arXiv.YYMM.NNNNN>. Flavors: r-devel-linux-x86_64-debian-clang, r-devel-linux-x86_64-debian-gcc

Version: 1.0.0
Check: C++ specification
Result: NOTE Specified C++11: please drop specification unless essential Flavors: r-devel-linux-x86_64-debian-clang, r-devel-linux-x86_64-debian-gcc, r-devel-linux-x86_64-fedora-clang, r-devel-linux-x86_64-fedora-gcc, r-patched-linux-x86_64, r-release-linux-x86_64, r-release-macos-arm64, r-release-macos-x86_64, r-oldrel-macos-arm64, r-oldrel-macos-x86_64