Last updated on 2024-08-16 12:49:18 CEST.
Flavor | Version | Tinstall | Tcheck | Ttotal | Status | Flags |
---|---|---|---|---|---|---|
r-devel-linux-x86_64-debian-clang | 0.0.3 | 1.42 | 15.51 | 16.93 | OK | |
r-devel-linux-x86_64-debian-gcc | 0.0.3 | 1.17 | 12.81 | 13.98 | OK | |
r-devel-linux-x86_64-fedora-clang | 0.0.3 | 27.49 | NOTE | |||
r-devel-linux-x86_64-fedora-gcc | 0.0.3 | 25.93 | OK | |||
r-devel-windows-x86_64 | 0.0.3 | 2.00 | 35.00 | 37.00 | OK | |
r-patched-linux-x86_64 | 0.0.3 | 1.59 | 15.25 | 16.84 | OK | |
r-release-linux-x86_64 | 0.0.3 | 1.53 | 15.03 | 16.56 | OK | |
r-release-macos-arm64 | 0.0.3 | 13.00 | OK | |||
r-release-macos-x86_64 | 0.0.3 | 19.00 | OK | |||
r-release-windows-x86_64 | 0.0.3 | 2.00 | 34.00 | 36.00 | OK | |
r-oldrel-macos-arm64 | 0.0.3 | 15.00 | OK | |||
r-oldrel-macos-x86_64 | 0.0.3 | 17.00 | OK | |||
r-oldrel-windows-x86_64 | 0.0.3 | 3.00 | 35.00 | 38.00 | OK |
Version: 0.0.3
Check: Rd cross-references
Result: NOTE
Undeclared package ‘fortunes’ in Rd xrefs
Flavor: r-devel-linux-x86_64-fedora-clang