Last updated on 2025-07-18 18:51:23 CEST.
Flavor | Version | Tinstall | Tcheck | Ttotal | Status | Flags |
---|---|---|---|---|---|---|
r-devel-linux-x86_64-debian-clang | 0.2.1 | 2.96 | 32.08 | 35.04 | OK | |
r-devel-linux-x86_64-debian-gcc | 0.2.1 | 2.26 | 24.59 | 26.85 | OK | |
r-devel-linux-x86_64-fedora-clang | 0.2.1 | 52.78 | OK | |||
r-devel-linux-x86_64-fedora-gcc | 0.2.1 | 56.50 | OK | |||
r-devel-windows-x86_64 | 0.2.1 | 7.00 | 50.00 | 57.00 | OK | |
r-patched-linux-x86_64 | 0.2.1 | 3.00 | 28.43 | 31.43 | OK | |
r-release-linux-x86_64 | 0.2.1 | 3.08 | 28.40 | 31.48 | OK | |
r-release-macos-arm64 | 0.2.1 | 21.00 | OK | |||
r-release-macos-x86_64 | 0.2.1 | 33.00 | OK | |||
r-release-windows-x86_64 | 0.2.1 | 8.00 | 50.00 | 58.00 | OK | |
r-oldrel-macos-arm64 | 0.2.1 | 22.00 | NOTE | |||
r-oldrel-macos-x86_64 | 0.2.1 | 30.00 | NOTE | |||
r-oldrel-windows-x86_64 | 0.2.1 | 9.00 | 58.00 | 67.00 | NOTE |
Version: 0.2.1
Check: installed package size
Result: NOTE
installed size is 10.3Mb
sub-directories of 1Mb or more:
htmlwidgets 9.8Mb
Flavors: r-oldrel-macos-arm64, r-oldrel-macos-x86_64, r-oldrel-windows-x86_64