Last updated on 2025-07-17 09:51:00 CEST.
Flavor | Version | Tinstall | Tcheck | Ttotal | Status | Flags |
---|---|---|---|---|---|---|
r-devel-linux-x86_64-debian-clang | 3.6-32 | 175.46 | 422.08 | 597.54 | OK | |
r-devel-linux-x86_64-debian-gcc | 3.6-32 | 110.82 | 255.21 | 366.03 | OK | |
r-devel-linux-x86_64-fedora-clang | 3.6-32 | 1060.92 | OK | |||
r-devel-linux-x86_64-fedora-gcc | 3.6-32 | 976.03 | OK | |||
r-devel-windows-x86_64 | 3.6-32 | 180.00 | 427.00 | 607.00 | OK | |
r-patched-linux-x86_64 | 3.6-32 | 177.90 | 398.92 | 576.82 | OK | |
r-release-linux-x86_64 | 3.6-32 | 171.29 | 403.20 | 574.49 | OK | |
r-release-macos-arm64 | 3.6-32 | 217.00 | OK | |||
r-release-macos-x86_64 | 3.6-32 | 522.00 | OK | |||
r-release-windows-x86_64 | 3.6-32 | 184.00 | 425.00 | 609.00 | OK | |
r-oldrel-macos-arm64 | 3.6-32 | 202.00 | NOTE | |||
r-oldrel-macos-x86_64 | 3.6-32 | 399.00 | NOTE | |||
r-oldrel-windows-x86_64 | 3.6-32 | 236.00 | 551.00 | 787.00 | NOTE |
Version: 3.6-32
Check: installed package size
Result: NOTE
installed size is 12.9Mb
sub-directories of 1Mb or more:
R 4.0Mb
libs 7.9Mb
Flavors: r-oldrel-macos-arm64, r-oldrel-macos-x86_64, r-oldrel-windows-x86_64