CRAN Package Check Results for Package qcQpcr

Last updated on 2025-07-18 18:51:22 CEST.

Flavor Version Tinstall Tcheck Ttotal Status Flags
r-devel-linux-x86_64-debian-clang 1.5 4.51 46.23 50.74 NOTE
r-devel-linux-x86_64-debian-gcc 1.5 3.46 32.60 36.06 NOTE
r-devel-linux-x86_64-fedora-clang 1.5 78.92 OK
r-devel-linux-x86_64-fedora-gcc 1.5 72.41 OK
r-devel-windows-x86_64 1.5 6.00 66.00 72.00 OK
r-patched-linux-x86_64 1.5 3.47 41.90 45.37 OK
r-release-linux-x86_64 1.5 4.53 41.99 46.52 OK
r-release-macos-arm64 1.5 25.00 OK
r-release-macos-x86_64 1.5 44.00 OK
r-release-windows-x86_64 1.5 7.00 66.00 73.00 OK
r-oldrel-macos-arm64 1.5 25.00 OK
r-oldrel-macos-x86_64 1.5 38.00 OK
r-oldrel-windows-x86_64 1.5 7.00 75.00 82.00 OK

Check Details

Version: 1.5
Check: CRAN incoming feasibility
Result: NOTE Maintainer: ‘Alireza Lorzadeh <alorzadeh@bcgsc.ca>’ No Authors@R field in DESCRIPTION. Please add one, modifying Authors@R: person(given = "Alireza", family = "Lorzadeh", role = c("aut", "cre"), email = "alorzadeh@bcgsc.ca") as necessary. Flavors: r-devel-linux-x86_64-debian-clang, r-devel-linux-x86_64-debian-gcc