Last updated on 2025-07-18 18:51:22 CEST.
Flavor | Version | Tinstall | Tcheck | Ttotal | Status | Flags |
---|---|---|---|---|---|---|
r-devel-linux-x86_64-debian-clang | 0.10.1 | 694.37 | 43.89 | 738.26 | OK | |
r-devel-linux-x86_64-debian-gcc | 0.10.1 | 536.22 | 34.58 | 570.80 | OK | |
r-devel-linux-x86_64-fedora-clang | 0.10.1 | 1185.92 | OK | |||
r-devel-linux-x86_64-fedora-gcc | 0.10.1 | 1199.80 | OK | |||
r-devel-windows-x86_64 | 0.10.1 | 451.00 | 172.00 | 623.00 | OK | |
r-patched-linux-x86_64 | 0.10.1 | 702.17 | 38.80 | 740.97 | OK | |
r-release-linux-x86_64 | 0.10.1 | 701.35 | 38.90 | 740.25 | OK | |
r-release-macos-arm64 | 0.10.1 | 254.00 | OK | |||
r-release-macos-x86_64 | 0.10.1 | 274.00 | OK | |||
r-release-windows-x86_64 | 0.10.1 | 435.00 | 175.00 | 610.00 | OK | |
r-oldrel-macos-arm64 | 0.10.1 | 226.00 | NOTE | |||
r-oldrel-macos-x86_64 | 0.10.1 | 227.00 | NOTE | |||
r-oldrel-windows-x86_64 | 0.10.1 | 492.00 | 276.00 | 768.00 | NOTE |
Version: 0.10.1
Check: installed package size
Result: NOTE
installed size is 29.6Mb
sub-directories of 1Mb or more:
libs 29.4Mb
Flavors: r-oldrel-macos-arm64, r-oldrel-macos-x86_64, r-oldrel-windows-x86_64