Last updated on 2025-07-18 18:51:22 CEST.
Flavor | Version | Tinstall | Tcheck | Ttotal | Status | Flags |
---|---|---|---|---|---|---|
r-devel-linux-x86_64-debian-clang | 1.3.3 | 149.17 | 227.85 | 377.02 | OK | |
r-devel-linux-x86_64-debian-gcc | 1.3.3 | 110.59 | 198.79 | 309.38 | OK | |
r-devel-linux-x86_64-fedora-clang | 1.3.3 | 630.03 | OK | |||
r-devel-linux-x86_64-fedora-gcc | 1.3.3 | 736.70 | OK | |||
r-devel-windows-x86_64 | 1.3.3 | 167.00 | 206.00 | 373.00 | OK | |
r-patched-linux-x86_64 | 1.3.3 | 152.94 | 293.59 | 446.53 | OK | |
r-release-linux-x86_64 | 1.3.3 | 152.88 | 304.67 | 457.55 | OK | |
r-release-macos-arm64 | 1.3.3 | 143.00 | OK | |||
r-release-macos-x86_64 | 1.3.3 | 232.00 | OK | |||
r-release-windows-x86_64 | 1.3.3 | 171.00 | 204.00 | 375.00 | OK | |
r-oldrel-macos-arm64 | 1.3.3 | 142.00 | NOTE | |||
r-oldrel-macos-x86_64 | 1.3.3 | 216.00 | NOTE | |||
r-oldrel-windows-x86_64 | 1.3.3 | 195.00 | 258.00 | 453.00 | OK |
Version: 1.3.3
Check: installed package size
Result: NOTE
installed size is 15.3Mb
sub-directories of 1Mb or more:
doc 1.4Mb
libs 13.2Mb
Flavors: r-oldrel-macos-arm64, r-oldrel-macos-x86_64