Last updated on 2025-07-21 09:50:01 CEST.
Flavor | Version | Tinstall | Tcheck | Ttotal | Status | Flags |
---|---|---|---|---|---|---|
r-devel-linux-x86_64-debian-clang | 1.2.0 | 3.61 | 85.96 | 89.57 | OK | |
r-devel-linux-x86_64-debian-gcc | 1.2.0 | 2.63 | 61.77 | 64.40 | OK | |
r-devel-linux-x86_64-fedora-clang | 1.2.0 | 142.58 | OK | |||
r-devel-linux-x86_64-fedora-gcc | 1.2.0 | 207.46 | OK | |||
r-devel-windows-x86_64 | 1.2.0 | 6.00 | 112.00 | 118.00 | OK | |
r-patched-linux-x86_64 | 1.2.0 | 4.31 | 79.16 | 83.47 | OK | |
r-release-linux-x86_64 | 1.2.0 | 3.52 | 80.11 | 83.63 | OK | |
r-release-macos-arm64 | 1.2.0 | 140.00 | OK | |||
r-release-macos-x86_64 | 1.2.0 | 249.00 | OK | |||
r-release-windows-x86_64 | 1.2.0 | 5.00 | 108.00 | 113.00 | OK | |
r-oldrel-macos-arm64 | 1.2.0 | 118.00 | NOTE | |||
r-oldrel-macos-x86_64 | 1.2.0 | 254.00 | NOTE | |||
r-oldrel-windows-x86_64 | 1.2.0 | 7.00 | 137.00 | 144.00 | NOTE |
Version: 1.2.0
Check: package dependencies
Result: NOTE
Package suggested but not available for checking: ‘cmdstanr’
Flavors: r-oldrel-macos-arm64, r-oldrel-macos-x86_64, r-oldrel-windows-x86_64