CRAN Package Check Results for Package pipeR

Last updated on 2025-07-18 18:51:21 CEST.

Flavor Version Tinstall Tcheck Ttotal Status Flags
r-devel-linux-x86_64-debian-clang 0.6.1.3 1.89 21.61 23.50 NOTE
r-devel-linux-x86_64-debian-gcc 0.6.1.3 1.42 17.35 18.77 NOTE
r-devel-linux-x86_64-fedora-clang 0.6.1.3 34.20 OK
r-devel-linux-x86_64-fedora-gcc 0.6.1.3 32.45 OK
r-devel-windows-x86_64 0.6.1.3 3.00 43.00 46.00 OK
r-patched-linux-x86_64 0.6.1.3 1.83 19.11 20.94 OK
r-release-linux-x86_64 0.6.1.3 1.60 19.06 20.66 OK
r-release-macos-arm64 0.6.1.3 18.00 OK
r-release-macos-x86_64 0.6.1.3 26.00 OK
r-release-windows-x86_64 0.6.1.3 3.00 43.00 46.00 OK
r-oldrel-macos-arm64 0.6.1.3 23.00 OK
r-oldrel-macos-x86_64 0.6.1.3 27.00 OK
r-oldrel-windows-x86_64 0.6.1.3 4.00 56.00 60.00 OK

Check Details

Version: 0.6.1.3
Check: CRAN incoming feasibility
Result: NOTE Maintainer: ‘Kun Ren <ken@renkun.me>’ No Authors@R field in DESCRIPTION. Please add one, modifying Authors@R: person(given = "Kun", family = "Ren", role = c("aut", "cre"), email = "ken@renkun.me") as necessary. Flavors: r-devel-linux-x86_64-debian-clang, r-devel-linux-x86_64-debian-gcc