Last updated on 2025-07-18 18:51:21 CEST.
Flavor | Version | Tinstall | Tcheck | Ttotal | Status | Flags |
---|---|---|---|---|---|---|
r-devel-linux-x86_64-debian-clang | 1.2.0 | 5.47 | 66.84 | 72.31 | NOTE | |
r-devel-linux-x86_64-debian-gcc | 1.2.0 | 4.18 | 49.32 | 53.50 | NOTE | |
r-devel-linux-x86_64-fedora-clang | 1.2.0 | 103.53 | OK | |||
r-devel-linux-x86_64-fedora-gcc | 1.2.0 | 122.17 | OK | |||
r-devel-windows-x86_64 | 1.2.0 | 8.00 | 95.00 | 103.00 | OK | |
r-patched-linux-x86_64 | 1.2.0 | 6.38 | 62.74 | 69.12 | OK | |
r-release-linux-x86_64 | 1.2.0 | 5.55 | 62.34 | 67.89 | OK | |
r-release-macos-arm64 | 1.2.0 | 48.00 | OK | |||
r-release-macos-x86_64 | 1.2.0 | 78.00 | OK | |||
r-release-windows-x86_64 | 1.2.0 | 8.00 | 85.00 | 93.00 | OK | |
r-oldrel-macos-arm64 | 1.2.0 | 44.00 | OK | |||
r-oldrel-macos-x86_64 | 1.2.0 | 95.00 | OK | |||
r-oldrel-windows-x86_64 | 1.2.0 | 9.00 | 102.00 | 111.00 | OK |
Version: 1.2.0
Check: CRAN incoming feasibility
Result: NOTE
Maintainer: ‘Seyma Kalay <seymakalay@hotmail.com>’
No Authors@R field in DESCRIPTION.
Please add one, modifying
Authors@R: person(given = "Seyma",
family = "Kalay",
role = c("aut", "cre"),
email = "seymakalay@hotmail.com")
as necessary.
Flavors: r-devel-linux-x86_64-debian-clang, r-devel-linux-x86_64-debian-gcc