Last updated on 2025-07-18 18:51:21 CEST.
Flavor | Version | Tinstall | Tcheck | Ttotal | Status | Flags |
---|---|---|---|---|---|---|
r-devel-linux-x86_64-debian-clang | 1.2.13 | 16.20 | 147.49 | 163.69 | OK | |
r-devel-linux-x86_64-debian-gcc | 1.2.13 | 11.78 | 101.85 | 113.63 | OK | |
r-devel-linux-x86_64-fedora-clang | 1.2.13 | 229.62 | OK | |||
r-devel-linux-x86_64-fedora-gcc | 1.2.13 | 217.43 | OK | |||
r-devel-windows-x86_64 | 1.2.13 | 16.00 | 147.00 | 163.00 | OK | |
r-patched-linux-x86_64 | 1.2.13 | 12.36 | 128.47 | 140.83 | OK | |
r-release-linux-x86_64 | 1.2.13 | 14.90 | 134.93 | 149.83 | OK | |
r-release-macos-arm64 | 1.2.13 | 69.00 | OK | |||
r-release-macos-x86_64 | 1.2.13 | 128.00 | OK | |||
r-release-windows-x86_64 | 1.2.13 | 15.00 | 147.00 | 162.00 | OK | |
r-oldrel-macos-arm64 | 1.2.13 | 64.00 | NOTE | |||
r-oldrel-macos-x86_64 | 1.2.13 | 89.00 | NOTE | |||
r-oldrel-windows-x86_64 | 1.2.13 | 21.00 | 185.00 | 206.00 | NOTE |
Version: 1.2.13
Check: LazyData
Result: NOTE
'LazyData' is specified without a 'data' directory
Flavors: r-oldrel-macos-arm64, r-oldrel-macos-x86_64, r-oldrel-windows-x86_64